{"id":1983,"date":"2021-01-14T13:55:03","date_gmt":"2021-01-14T13:55:03","guid":{"rendered":"https:\/\/ralph-theissen.be\/osteopathie\/techniques\/techniques-pour-les-fascias\/"},"modified":"2024-03-18T13:40:04","modified_gmt":"2024-03-18T13:40:04","slug":"techniques-pour-les-fascias","status":"publish","type":"page","link":"https:\/\/ralph-theissen.be\/fr\/osteopathie\/techniques\/techniques-pour-les-fascias\/","title":{"rendered":"Techniques pour les fascias"},"content":{"rendered":"\n<style type=\"text\/css\" data-created_by=\"avia_inline_auto\" id=\"style-css-av-g6oxy-342fe96c44aa9d9e73592115793582e8\">\n.flex_column.av-g6oxy-342fe96c44aa9d9e73592115793582e8{\nborder-radius:0px 0px 0px 0px;\npadding:0px 0px 0px 0px;\n}\n<\/style>\n<div  class='flex_column av-g6oxy-342fe96c44aa9d9e73592115793582e8 av_one_full  avia-builder-el-0  el_before_av_one_full  avia-builder-el-first  first flex_column_div av-zero-column-padding  '     ><style type=\"text\/css\" data-created_by=\"avia_inline_auto\" id=\"style-css-av-kjww7p4d-eb7274c638d50fd55525812374b8f6c4\">\n\n@media only screen and (min-width: 480px) and (max-width: 767px){ \n#top .avia-slideshow .av-slideshow-caption.av-kjww7p4d-eb7274c638d50fd55525812374b8f6c4__0 .avia-caption-content{\ndisplay:none;\n}\n#top .avia-slideshow .av-slideshow-caption.av-kjww7p4d-eb7274c638d50fd55525812374b8f6c4__0 .avia-caption-content p{\ndisplay:none;\n}\n}\n\n@media only screen and (max-width: 479px){ \n#top .avia-slideshow .av-slideshow-caption.av-kjww7p4d-eb7274c638d50fd55525812374b8f6c4__0 .avia-caption-content{\ndisplay:none;\n}\n#top .avia-slideshow .av-slideshow-caption.av-kjww7p4d-eb7274c638d50fd55525812374b8f6c4__0 .avia-caption-content p{\ndisplay:none;\n}\n}\n<\/style>\n<div  class='avia-slideshow av-kjww7p4d-eb7274c638d50fd55525812374b8f6c4 avia-slideshow-no scaling av_slideshow avia-slide-slider  avia-builder-el-1  avia-builder-el-no-sibling  av-slideshow-ui av-control-default av-slideshow-manual av-loop-once av-loop-manual-endless av-default-height-applied avia-slideshow-1' data-slideshow-options=\"{&quot;animation&quot;:&quot;slide&quot;,&quot;autoplay&quot;:false,&quot;loop_autoplay&quot;:&quot;once&quot;,&quot;interval&quot;:5,&quot;loop_manual&quot;:&quot;manual-endless&quot;,&quot;autoplay_stopper&quot;:false,&quot;noNavigation&quot;:false,&quot;bg_slider&quot;:false,&quot;keep_padding&quot;:false,&quot;hoverpause&quot;:false,&quot;show_slide_delay&quot;:0}\"  itemprop=\"image\" itemscope=\"itemscope\" itemtype=\"https:\/\/schema.org\/ImageObject\" ><ul class='avia-slideshow-inner ' style='padding-bottom: 47.5%;'><li  class='avia-slideshow-slide av-kjww7p4d-eb7274c638d50fd55525812374b8f6c4__0  av-single-slide slide-1 slide-odd'><div data-rel='slideshow-1' class='avia-slide-wrap '   ><div class='av-slideshow-caption av-kjww7p4d-eb7274c638d50fd55525812374b8f6c4__0 avia-caption'><div class=\"avia-inner-caption\"><div class='avia-caption-content '  itemprop=\"description\" ><p>Les fascias peuvent se contracter et provoquer des contractions musculaires<\/p>\n<\/div><\/div><\/div><img decoding=\"async\" fetchpriority=\"high\" class=\"wp-image-1954 avia-img-lazy-loading-not-1954\"  src=\"https:\/\/ralph-theissen.be\/wp-content\/uploads\/2021\/02\/THEISSENralph_osteo_technik_3.jpg\" width=\"2000\" height=\"950\" title='' alt=''  itemprop=\"thumbnailUrl\" srcset=\"https:\/\/ralph-theissen.be\/wp-content\/uploads\/2021\/02\/THEISSENralph_osteo_technik_3.jpg 2000w, https:\/\/ralph-theissen.be\/wp-content\/uploads\/2021\/02\/THEISSENralph_osteo_technik_3-300x143.jpg 300w, https:\/\/ralph-theissen.be\/wp-content\/uploads\/2021\/02\/THEISSENralph_osteo_technik_3-1030x489.jpg 1030w, https:\/\/ralph-theissen.be\/wp-content\/uploads\/2021\/02\/THEISSENralph_osteo_technik_3-768x365.jpg 768w, https:\/\/ralph-theissen.be\/wp-content\/uploads\/2021\/02\/THEISSENralph_osteo_technik_3-1536x730.jpg 1536w, https:\/\/ralph-theissen.be\/wp-content\/uploads\/2021\/02\/THEISSENralph_osteo_technik_3-1500x713.jpg 1500w, https:\/\/ralph-theissen.be\/wp-content\/uploads\/2021\/02\/THEISSENralph_osteo_technik_3-705x335.jpg 705w\" sizes=\"(max-width: 2000px) 100vw, 2000px\" \/><\/div><\/li><\/ul><\/div><\/div>\n\n<style type=\"text\/css\" data-created_by=\"avia_inline_auto\" id=\"style-css-av-9ih-666d46482b8ecba0890fec787d491402\">\n.flex_column.av-9ih-666d46482b8ecba0890fec787d491402{\nborder-radius:0px 0px 0px 0px;\npadding:0px 0px 0px 0px;\n}\n<\/style>\n<div  class='flex_column av-9ih-666d46482b8ecba0890fec787d491402 av_one_full  avia-builder-el-2  el_after_av_one_full  el_before_av_one_full  first flex_column_div av-zero-column-padding  column-top-margin'     ><p>\n<style type=\"text\/css\" data-created_by=\"avia_inline_auto\" id=\"style-css-av-a5x22-28df03929fda1a4cd56696e0d3d595c6\">\n#top .av-special-heading.av-a5x22-28df03929fda1a4cd56696e0d3d595c6{\npadding-bottom:10px;\n}\nbody .av-special-heading.av-a5x22-28df03929fda1a4cd56696e0d3d595c6 .av-special-heading-tag .heading-char{\nfont-size:25px;\n}\n.av-special-heading.av-a5x22-28df03929fda1a4cd56696e0d3d595c6 .av-subheading{\nfont-size:15px;\n}\n<\/style>\n<div  class='av-special-heading av-a5x22-28df03929fda1a4cd56696e0d3d595c6 av-special-heading-h3  avia-builder-el-3  el_before_av_textblock  avia-builder-el-first '><h3 class='av-special-heading-tag '  itemprop=\"headline\"  >Techniques pour les fascias<\/h3><div class=\"special-heading-border\"><div class=\"special-heading-inner-border\"><\/div><\/div><\/div><br \/>\n<section  class='av_textblock_section av-kj05xhh6-82402337ff6b97d8d784467709d6f023 '   itemscope=\"itemscope\" itemtype=\"https:\/\/schema.org\/CreativeWork\" ><div class='avia_textblock'  itemprop=\"text\" ><p>Les fascias sont l\u2019ensemble des tissus conjonctifs qui enveloppent nos muscles, nos organes, nos vaisseaux sanguins et lymphatiques et notre syst\u00e8me nerveux.<\/p>\n<p>Les fascias eux-m\u00eames sont reli\u00e9s entre eux \u00e0 travers tout le corps. Ils donnent donc une structure \u00e0 l\u2019ensemble du corps et le maintiennent ensemble dans une certaine mesure. Ils soutiennent le corps en termes d\u2019\u00e9lasticit\u00e9 et de stabilit\u00e9, transmettent les tensions dans le corps et, en cas de manque d\u2019\u00e9lasticit\u00e9, sont responsables des restrictions de mouvement.<\/p>\n<p>Non seulement ils sont essentiels pour les mouvements, mais ils jouent \u00e9galement un r\u00f4le central dans l\u2019apparition de la douleur. Par exemple, ce n\u2019est que ces derni\u00e8res ann\u00e9es que l\u2019on a d\u00e9couvert que les fascias sont \u00e9quip\u00e9s de nombreuses terminaisons nerveuses libres. Ils peuvent enregistrer la pression, la traction, la temp\u00e9rature et d\u2019autres influences physiques, y r\u00e9agir et transmettre les informations obtenues. En fait, ils sont un organe sensoriel suppl\u00e9mentaire.<br \/>\nLes fascias peuvent se contracter et provoquer des contractions musculaires. Dans ce contexte, le Dr Schleip a constat\u00e9, entre autres, que les fascias se contractent en cas de stress. Ainsi, en cas de stress durable, il peut se produire un durcissement et un collage des fascias qui provoquent des contractions ind\u00e9sirables de la musculature et entra\u00eenent des postures erron\u00e9es \u00e0 long terme. Ces mauvaises postures peuvent \u00e0 leur tour entra\u00eener des tensions, des blocages ou des douleurs dorsales chroniques et aggraver les probl\u00e8mes.<\/p>\n<p><strong>Comment traite-t-on les fascias ?<\/strong><\/p>\n<p>Le traitement consiste \u00e0 d\u00e9tecter des restrictions locales des fascias, \u00e0 les diff\u00e9rencier et \u00e0 les stimuler par des techniques de pression et de traction cibl\u00e9es afin d\u2019obtenir des r\u00e9actions de normalisation de la structure tissulaire.<\/p>\n<div class=\"special-heading-border\"><\/div>\n<\/div><\/section><\/p><\/div>\n<style type=\"text\/css\" data-created_by=\"avia_inline_auto\" id=\"style-css-av-9ih-666d46482b8ecba0890fec787d491402\">\n.flex_column.av-9ih-666d46482b8ecba0890fec787d491402{\nborder-radius:0px 0px 0px 0px;\npadding:0px 0px 0px 0px;\n}\n<\/style>\n<div  class='flex_column av-9ih-666d46482b8ecba0890fec787d491402 av_one_full  avia-builder-el-5  el_after_av_one_full  avia-builder-el-last  first flex_column_div av-zero-column-padding  column-top-margin'     ><p><div  class='avia-button-wrap av-kjwnyn9j-358be7f21ac3a83341129a31e863030e-wrap avia-button-right  avia-builder-el-6  el_before_av_hr  avia-builder-el-first '>\n<style type=\"text\/css\" data-created_by=\"avia_inline_auto\" id=\"style-css-av-kjwnyn9j-358be7f21ac3a83341129a31e863030e\">\n#top #wrap_all .avia-button.av-kjwnyn9j-358be7f21ac3a83341129a31e863030e{\nbackground-color:#dadada;\nborder-color:#dadada;\ntransition:all 0.4s ease-in-out;\n}\n#top #wrap_all .avia-button.av-kjwnyn9j-358be7f21ac3a83341129a31e863030e:hover{\nbackground-color:#b2b2b2;\ncolor:#ffffff;\ntransition:all 0.4s ease-in-out;\n}\n#top #wrap_all .avia-button.av-kjwnyn9j-358be7f21ac3a83341129a31e863030e:hover .avia-svg-icon svg:first-child{\nfill:#ffffff;\nstroke:#ffffff;\n}\n<\/style>\n<a href='https:\/\/ralph-theissen.be\/fr\/osteopathie\/techniques\/'  class='avia-button av-kjwnyn9j-358be7f21ac3a83341129a31e863030e av-link-btn avia-icon_select-yes-left-icon avia-size-small avia-position-right avia-font-color-theme-color'   aria-label=\"retour\"><span class='avia_button_icon avia_button_icon_left avia-iconfont avia-font-entypo-fontello' data-av_icon='\ue874' data-av_iconfont='entypo-fontello' ><\/span><span class='avia_iconbox_title' >retour<\/span><\/a><\/div><br \/>\n\n<style type=\"text\/css\" data-created_by=\"avia_inline_auto\" id=\"style-css-av-kj02fsey-7947dc6dc637ac2b04a43cf327b94834\">\n#top .hr.hr-invisible.av-kj02fsey-7947dc6dc637ac2b04a43cf327b94834{\nheight:50px;\n}\n<\/style>\n<div  class='hr av-kj02fsey-7947dc6dc637ac2b04a43cf327b94834 hr-invisible  avia-builder-el-7  el_after_av_button  avia-builder-el-last '><span class='hr-inner '><span class=\"hr-inner-style\"><\/span><\/span><\/div><\/p><\/div><\/p>\n","protected":false},"excerpt":{"rendered":"","protected":false},"author":2,"featured_media":0,"parent":1981,"menu_order":1,"comment_status":"closed","ping_status":"closed","template":"","meta":{"footnotes":""},"class_list":["post-1983","page","type-page","status-publish","hentry"],"_links":{"self":[{"href":"https:\/\/ralph-theissen.be\/fr\/wp-json\/wp\/v2\/pages\/1983","targetHints":{"allow":["GET"]}}],"collection":[{"href":"https:\/\/ralph-theissen.be\/fr\/wp-json\/wp\/v2\/pages"}],"about":[{"href":"https:\/\/ralph-theissen.be\/fr\/wp-json\/wp\/v2\/types\/page"}],"author":[{"embeddable":true,"href":"https:\/\/ralph-theissen.be\/fr\/wp-json\/wp\/v2\/users\/2"}],"replies":[{"embeddable":true,"href":"https:\/\/ralph-theissen.be\/fr\/wp-json\/wp\/v2\/comments?post=1983"}],"version-history":[{"count":1,"href":"https:\/\/ralph-theissen.be\/fr\/wp-json\/wp\/v2\/pages\/1983\/revisions"}],"predecessor-version":[{"id":1984,"href":"https:\/\/ralph-theissen.be\/fr\/wp-json\/wp\/v2\/pages\/1983\/revisions\/1984"}],"up":[{"embeddable":true,"href":"https:\/\/ralph-theissen.be\/fr\/wp-json\/wp\/v2\/pages\/1981"}],"wp:attachment":[{"href":"https:\/\/ralph-theissen.be\/fr\/wp-json\/wp\/v2\/media?parent=1983"}],"curies":[{"name":"wp","href":"https:\/\/api.w.org\/{rel}","templated":true}]}}

<style type="text/css" data-created_by="avia_inline_auto" id="style-css-av-g6oxy-342fe96c44aa9d9e73592115793582e8">
.flex_column.av-g6oxy-342fe96c44aa9d9e73592115793582e8{
border-radius:0px 0px 0px 0px;
padding:0px 0px 0px 0px;
}
</style>
<div  class='flex_column av-g6oxy-342fe96c44aa9d9e73592115793582e8 av_one_full  avia-builder-el-0  el_before_av_one_full  avia-builder-el-first  first flex_column_div av-zero-column-padding  '     ><style type="text/css" data-created_by="avia_inline_auto" id="style-css-av-kjww7p4d-eb7274c638d50fd55525812374b8f6c4">

@media only screen and (min-width: 480px) and (max-width: 767px){ 
#top .avia-slideshow .av-slideshow-caption.av-kjww7p4d-eb7274c638d50fd55525812374b8f6c4__0 .avia-caption-content{
display:none;
}
#top .avia-slideshow .av-slideshow-caption.av-kjww7p4d-eb7274c638d50fd55525812374b8f6c4__0 .avia-caption-content p{
display:none;
}
}

@media only screen and (max-width: 479px){ 
#top .avia-slideshow .av-slideshow-caption.av-kjww7p4d-eb7274c638d50fd55525812374b8f6c4__0 .avia-caption-content{
display:none;
}
#top .avia-slideshow .av-slideshow-caption.av-kjww7p4d-eb7274c638d50fd55525812374b8f6c4__0 .avia-caption-content p{
display:none;
}
}
</style>
<div  class='avia-slideshow av-kjww7p4d-eb7274c638d50fd55525812374b8f6c4 avia-slideshow-no scaling av_slideshow avia-slide-slider  avia-builder-el-1  avia-builder-el-no-sibling  av-slideshow-ui av-control-default av-slideshow-manual av-loop-once av-loop-manual-endless av-default-height-applied avia-slideshow-1' data-slideshow-options="{&quot;animation&quot;:&quot;slide&quot;,&quot;autoplay&quot;:false,&quot;loop_autoplay&quot;:&quot;once&quot;,&quot;interval&quot;:5,&quot;loop_manual&quot;:&quot;manual-endless&quot;,&quot;autoplay_stopper&quot;:false,&quot;noNavigation&quot;:false,&quot;bg_slider&quot;:false,&quot;keep_padding&quot;:false,&quot;hoverpause&quot;:false,&quot;show_slide_delay&quot;:0}"  itemprop="image" itemscope="itemscope" itemtype="https://schema.org/ImageObject" ><ul class='avia-slideshow-inner ' style='padding-bottom: 47.5%;'><li  class='avia-slideshow-slide av-kjww7p4d-eb7274c638d50fd55525812374b8f6c4__0  av-single-slide slide-1 slide-odd'><div data-rel='slideshow-1' class='avia-slide-wrap '   ><div class='av-slideshow-caption av-kjww7p4d-eb7274c638d50fd55525812374b8f6c4__0 avia-caption'><div class="avia-inner-caption"><div class='avia-caption-content '  itemprop="description" ><p>Les fascias peuvent se contracter et provoquer des contractions musculaires</p>
</div></div></div><img decoding="async" fetchpriority="high" class="wp-image-1954 avia-img-lazy-loading-not-1954"  src="https://ralph-theissen.be/wp-content/uploads/2021/02/THEISSENralph_osteo_technik_3.jpg" width="2000" height="950" title='' alt=''  itemprop="thumbnailUrl" srcset="https://ralph-theissen.be/wp-content/uploads/2021/02/THEISSENralph_osteo_technik_3.jpg 2000w, https://ralph-theissen.be/wp-content/uploads/2021/02/THEISSENralph_osteo_technik_3-300x143.jpg 300w, https://ralph-theissen.be/wp-content/uploads/2021/02/THEISSENralph_osteo_technik_3-1030x489.jpg 1030w, https://ralph-theissen.be/wp-content/uploads/2021/02/THEISSENralph_osteo_technik_3-768x365.jpg 768w, https://ralph-theissen.be/wp-content/uploads/2021/02/THEISSENralph_osteo_technik_3-1536x730.jpg 1536w, https://ralph-theissen.be/wp-content/uploads/2021/02/THEISSENralph_osteo_technik_3-1500x713.jpg 1500w, https://ralph-theissen.be/wp-content/uploads/2021/02/THEISSENralph_osteo_technik_3-705x335.jpg 705w" sizes="(max-width: 2000px) 100vw, 2000px" /></div></li></ul></div></div>

<style type="text/css" data-created_by="avia_inline_auto" id="style-css-av-9ih-666d46482b8ecba0890fec787d491402">
.flex_column.av-9ih-666d46482b8ecba0890fec787d491402{
border-radius:0px 0px 0px 0px;
padding:0px 0px 0px 0px;
}
</style>
<div  class='flex_column av-9ih-666d46482b8ecba0890fec787d491402 av_one_full  avia-builder-el-2  el_after_av_one_full  el_before_av_one_full  first flex_column_div av-zero-column-padding  column-top-margin'     ><p>
<style type="text/css" data-created_by="avia_inline_auto" id="style-css-av-a5x22-28df03929fda1a4cd56696e0d3d595c6">
#top .av-special-heading.av-a5x22-28df03929fda1a4cd56696e0d3d595c6{
padding-bottom:10px;
}
body .av-special-heading.av-a5x22-28df03929fda1a4cd56696e0d3d595c6 .av-special-heading-tag .heading-char{
font-size:25px;
}
.av-special-heading.av-a5x22-28df03929fda1a4cd56696e0d3d595c6 .av-subheading{
font-size:15px;
}
</style>
<div  class='av-special-heading av-a5x22-28df03929fda1a4cd56696e0d3d595c6 av-special-heading-h3  avia-builder-el-3  el_before_av_textblock  avia-builder-el-first '><h3 class='av-special-heading-tag '  itemprop="headline"  >Techniques pour les fascias</h3><div class="special-heading-border"><div class="special-heading-inner-border"></div></div></div><br />
<section  class='av_textblock_section av-kj05xhh6-82402337ff6b97d8d784467709d6f023 '   itemscope="itemscope" itemtype="https://schema.org/CreativeWork" ><div class='avia_textblock'  itemprop="text" ><p>Les fascias sont l’ensemble des tissus conjonctifs qui enveloppent nos muscles, nos organes, nos vaisseaux sanguins et lymphatiques et notre système nerveux.</p>
<p>Les fascias eux-mêmes sont reliés entre eux à travers tout le corps. Ils donnent donc une structure à l’ensemble du corps et le maintiennent ensemble dans une certaine mesure. Ils soutiennent le corps en termes d’élasticité et de stabilité, transmettent les tensions dans le corps et, en cas de manque d’élasticité, sont responsables des restrictions de mouvement.</p>
<p>Non seulement ils sont essentiels pour les mouvements, mais ils jouent également un rôle central dans l’apparition de la douleur. Par exemple, ce n’est que ces dernières années que l’on a découvert que les fascias sont équipés de nombreuses terminaisons nerveuses libres. Ils peuvent enregistrer la pression, la traction, la température et d’autres influences physiques, y réagir et transmettre les informations obtenues. En fait, ils sont un organe sensoriel supplémentaire.<br />
Les fascias peuvent se contracter et provoquer des contractions musculaires. Dans ce contexte, le Dr Schleip a constaté, entre autres, que les fascias se contractent en cas de stress. Ainsi, en cas de stress durable, il peut se produire un durcissement et un collage des fascias qui provoquent des contractions indésirables de la musculature et entraînent des postures erronées à long terme. Ces mauvaises postures peuvent à leur tour entraîner des tensions, des blocages ou des douleurs dorsales chroniques et aggraver les problèmes.</p>
<p><strong>Comment traite-t-on les fascias ?</strong></p>
<p>Le traitement consiste à détecter des restrictions locales des fascias, à les différencier et à les stimuler par des techniques de pression et de traction ciblées afin d’obtenir des réactions de normalisation de la structure tissulaire.</p>
<div class="special-heading-border"></div>
</div></section></p></div>
<style type="text/css" data-created_by="avia_inline_auto" id="style-css-av-9ih-666d46482b8ecba0890fec787d491402">
.flex_column.av-9ih-666d46482b8ecba0890fec787d491402{
border-radius:0px 0px 0px 0px;
padding:0px 0px 0px 0px;
}
</style>
<div  class='flex_column av-9ih-666d46482b8ecba0890fec787d491402 av_one_full  avia-builder-el-5  el_after_av_one_full  avia-builder-el-last  first flex_column_div av-zero-column-padding  column-top-margin'     ><p><div  class='avia-button-wrap av-kjwnyn9j-358be7f21ac3a83341129a31e863030e-wrap avia-button-right  avia-builder-el-6  el_before_av_hr  avia-builder-el-first '>
<style type="text/css" data-created_by="avia_inline_auto" id="style-css-av-kjwnyn9j-358be7f21ac3a83341129a31e863030e">
#top #wrap_all .avia-button.av-kjwnyn9j-358be7f21ac3a83341129a31e863030e{
background-color:#dadada;
border-color:#dadada;
transition:all 0.4s ease-in-out;
}
#top #wrap_all .avia-button.av-kjwnyn9j-358be7f21ac3a83341129a31e863030e:hover{
background-color:#b2b2b2;
color:#ffffff;
transition:all 0.4s ease-in-out;
}
#top #wrap_all .avia-button.av-kjwnyn9j-358be7f21ac3a83341129a31e863030e:hover .avia-svg-icon svg:first-child{
fill:#ffffff;
stroke:#ffffff;
}
</style>
<a href='https://ralph-theissen.be/fr/osteopathie/techniques/'  class='avia-button av-kjwnyn9j-358be7f21ac3a83341129a31e863030e av-link-btn avia-icon_select-yes-left-icon avia-size-small avia-position-right avia-font-color-theme-color'   aria-label="retour"><span class='avia_button_icon avia_button_icon_left avia-iconfont avia-font-entypo-fontello' data-av_icon='' data-av_iconfont='entypo-fontello' ></span><span class='avia_iconbox_title' >retour</span></a></div><br />

<style type="text/css" data-created_by="avia_inline_auto" id="style-css-av-kj02fsey-7947dc6dc637ac2b04a43cf327b94834">
#top .hr.hr-invisible.av-kj02fsey-7947dc6dc637ac2b04a43cf327b94834{
height:50px;
}
</style>
<div  class='hr av-kj02fsey-7947dc6dc637ac2b04a43cf327b94834 hr-invisible  avia-builder-el-7  el_after_av_button  avia-builder-el-last '><span class='hr-inner '><span class="hr-inner-style"></span></span></div></p></div></p>
